?
1
What is the units digit of 13751?
1
What is the tens digit of 5231?
3
What is the tens digit of 8619?
1
What is the thousands digit of 63496?
3
What is the units digit of 95056?
6
What is the hundreds digit of 156?
1
What is the thousands digit of 3264?
3
What is the ten thousands digit of 33291?
3
What is the thousands digit of 1398?
1
What is the hundreds digit of 33097?
0
What is the hundreds digit of 4657?
6
What is the thousands digit of 1520?
1
What is the hundreds digit of 47948?
9
What is the units digit of 72183?
3
What is the hundreds digit of 73604?
6
What is the units digit of 1193?
3
What is the thousands digit of 31077?
1
What is the units digit of 431?
1
What is the tens digit of 2275?
7
What is the units digit of 17288?
8
What is the units digit of 923?
3
What is the hundreds digit of 1621?
6
What is the tens digit of 1193?
9
What is the thousands digit of 3743?
3
What is the thousands digit of 15157?
5
What is the hundreds digit of 10829?
8
What is the hundreds digit of 33537?
5
What is the units digit of 3145?
5
What is the ten thousands digit of 16912?
1
What is the thousands digit of 3799?
3
What is the thousands digit of 100985?
0
What is the thousands digit of 7359?
7
What is the thousands digit of 12500?
2
What is the hundred thousands digit of 153668?
1
What is the units digit of 6371?
1
What is the units digit of 26990?
0
What is the hundreds digit of 5094?
0
What is the tens digit of 136?
3
What is the thousands digit of 3839?
3
What is the thousands digit of 1337?
1
What is the units digit of 55933?
3
What is the units digit of 7290?
0
What is the hundreds digit of 1874?
8
What is the units digit of 1089?
9
What is the hundreds digit of 3967?
9
What is the units digit of 20720?
0
What is the thousands digit of 5765?
5
What is the ten thousands digit of 119933?
1
What is the thousands digit of 1801?
1
What is the units digit of 12201?
1
What is the hundreds digit of 2699?
6
What is the tens digit of 912?
1
What is the tens digit of 894?
9
What is the units digit of 79185?
5
What is the tens digit of 3355?
5
What is the units digit of 9192?
2
What is the tens digit of 7550?
5
What is the hundreds digit of 5982?
9
What is the tens digit of 4556?
5
What is the tens digit of 34681?
8
What is the tens digit of 29078?
7
What is the units digit of 2568?
8
What is the ten thousands digit of 54915?
5
What is the units digit of 2627?
7
What is the thousands digit of 25449?
5
What is the tens digit of 777?
7
What is the units digit of 88597?
7
What is the tens digit of 1182?
8
What is the thousands digit of 5347?
5
What is the units digit of 651?
1
What is the hundreds digit of 737?
7
What is the thousands digit of 8596?
8
What is the thousands digit of 1704?
1
What is the hundreds digit of 62650?
6
What is the ten thousands digit of 24415?
2
What is the tens digit of 8098?
9
What is the hundreds digit of 11009?
0
What is the tens digit of 33001?
0
What is the units digit of 279?
9
What is the units digit of 17235?
5
What is the tens digit of 6184?
8
What is the units digit of 78712?
2
What is the thousands digit of 2148?
2
What is the thousands digit of 119962?
9
What is the tens digit of 12628?
2
What is the hundreds digit of 54238?
2
What is the hundreds digit of 86200?
2
What is the hundreds digit of 26170?
1
What is the units digit of 43022?
2
What is the thousands digit of 10238?
0
What is the ten thousands digit of 71565?
7
What is the tens digit of 383?
8
What is the hundreds digit of 885?
8
What is the hundreds digit of 22118?
1
What is the hundreds digit of 1847?
8
What is the ten thousands digit of 113830?
1
What is the tens digit of 3451?
5
What is the hundreds digit of 34978?
9
What is the hundreds digit of 4342?
3
What is the hundreds digit of 4742?
7
What is the hundreds digit of 938?
9
What is the tens digit of 1268?
6
What is the thousands digit of 40677?
0
What is the hundreds digit of 38295?
2
What is the tens digit of 20295?
9
What is the units digit of 640?
0
What is the tens digit of 93523?
2
What is the tens digit of 152?
5
What is the tens digit of 6974?
7
What is the ten thousands digit of 18390?
1
What is the tens digit of 20624?
2
What is the tens digit of 445?
4
What is the hundreds digit of 1814?
8
What is the units digit of 980?
0
What is the tens digit of 465?
6
What is the thousands digit of 1296?
1
What is the hundreds digit of 1134?
1
What is the hundreds digit of 2334?
3
What is the thousands digit of 12133?
2
What is the units digit of 4450?
0
What is the thousands digit of 3397?
3
What is the ten thousands digit of 34460?
3
What is the units digit of 2844?
4
What is the units digit of 1372?
2
What is the thousands digit of 91024?
1
What is the tens digit of 219?
1
What is the thousands digit of 10400?
0
What is the hundreds digit of 6483?
4
What is the thousands digit of 1757?
1
What is the units digit of 1743?
3
What is the thousands digit of 4165?
4
What is the hundreds digit of 14238?
2
What is the hundreds digit of 9664?
6
What is the hundreds digit of 571?
5
What is the hundreds digit of 1871?
8
What is the ten thousands digit of 23831?
2
What is the thousands digit of 77698?
7
What is the hundreds digit of 6187?
1
What is the tens digit of 56960?
6
What is the thousands digit of 9652?
9
What is the units digit of 1276?
6
What is the thousands digit of 66509?
6
What is the hundreds digit of 1520?
5
What is the hundreds digit of 610?
6
What is the thousands digit of 1183?
1
What is the thousands digit of 7475?
7
What is the tens digit of 15469?
6
What is the hundreds digit of 114?
1
What is the thousands digit of 2240?
2
What is the hundreds digit of 304?
3
What is the units digit of 82541?
1
What is the thousands digit of 1501?
1
What is the hundreds digit of 13110?
1
What is the units digit of 29587?
7
What is the tens digit of 12888?
8
What is the thousands digit of 7358?
7
What is the thousands digit of 1235?
1
What is the thousands digit of 80014?
0
What is the units digit of 1461?
1
What is the tens digit of 332?
3
What is the hundreds digit of 266?
2
What is the tens digit of 99052?
5
What is the hundreds digit of 418?
4
What is the tens digit of 78?
7
What is the thousands digit of 4070?
4
What is the units digit of 1563?
3
What is the thousands digit of 1237?
1
What is the thousands digit of 165709?
5
What is the units digit of 170656?
6
What is the units digit of 9812?
2
What is the thousands digit of 16663?
6
What is the tens digit of 8406?
0
What is the tens digit of 9834?
3
What is the tens digit of 78?
7
What is the tens digit of 129191?
9
What is the units digit of 2181?
1
What is the thousands digit of 5744?
5
What is the tens digit of 87520?
2
What is the thousands digit of 9486?
9
What is the tens digit of 94031?
3
What is the thousands digit of 6993?
6
What is the thousands digit of 101432?
1
What is the hundreds digit of 4886?
8
What is the units digit of 55398?
8
What is the units digit of 132?
2
What is the tens digit of 99122?
2
What is the ten thousands digit of 27745?
2
What is the hundreds digit of 1264?
2
What is the tens digit of 2440?
4
What is the units digit of 15278?
8
What is the thousands digit of 2070?
2
What is the thousands digit of 7013?
7
What is the units digit of 253?
3
What is the tens digit of 4325?
2
What is the units digit of 14917?
7
What is the hundreds digit of 5577?
5
What is the units digit of 44844?
4
What is the hundreds digit of 16948?
9
What is the thousands digit of 1228?
1
What is the hundreds digit of 477?
4
What is the thousands digit of 2448?
2
What is the hundreds digit of 21781?
7
What is the tens digit of 5583?
8
What is the tens digit of 15424?
2
What is the tens digit of 2476?
7
What is the units digit of 249?
9
What is the tens digit of 337?
3
What is the tens digit of 16744?
4
What is the units digit of 63?
3
What is the ten thousands digit of 13601?
1
What is the hundreds digit of 57495?
4
What is the thousands digit of 1761?
1
What is the tens digit of 13356?
5
What is the hundreds digit of 495?
4
What is the hundreds digit of 8825?
8
What is the thousands digit of 8315?
8
What is the tens digit of 10083?
8
What is the thousands digit of 66775?
6
What is the hundreds digit of 120?
1
What is the tens digit of 1450